{"version":"1.0","provider_name":"Association AG1-23 SOLEIL","provider_url":"http:\/\/www.ag1-23soleil.fr\/wp","author_name":"AG1-23SOLEIL","author_url":"http:\/\/www.ag1-23soleil.fr\/wp\/author\/ag1-23soleil\/","title":"Elise - Association AG1-23 SOLEIL","type":"rich","width":600,"height":338,"html":"<blockquote class=\"wp-embedded-content\" data-secret=\"eraSYNG8er\"><a href=\"http:\/\/www.ag1-23soleil.fr\/wp\/temoignages\/elise\/\">Elise<\/a><\/blockquote><iframe sandbox=\"allow-scripts\" security=\"restricted\" src=\"http:\/\/www.ag1-23soleil.fr\/wp\/temoignages\/elise\/embed\/#?secret=eraSYNG8er\" width=\"600\" height=\"338\" title=\"\u00ab\u00a0Elise\u00a0\u00bb &#8212; Association AG1-23 SOLEIL\" data-secret=\"eraSYNG8er\" frameborder=\"0\" marginwidth=\"0\" marginheight=\"0\" scrolling=\"no\" class=\"wp-embedded-content\"><\/iframe><script>\n\/*! This file is auto-generated *\/\n!function(d,l){\"use strict\";l.querySelector&&d.addEventListener&&\"undefined\"!=typeof URL&&(d.wp=d.wp||{},d.wp.receiveEmbedMessage||(d.wp.receiveEmbedMessage=function(e){var t=e.data;if((t||t.secret||t.message||t.value)&&!\/[^a-zA-Z0-9]\/.test(t.secret)){for(var s,r,n,a=l.querySelectorAll('iframe[data-secret=\"'+t.secret+'\"]'),o=l.querySelectorAll('blockquote[data-secret=\"'+t.secret+'\"]'),c=new RegExp(\"^https?:$\",\"i\"),i=0;i<o.length;i++)o[i].style.display=\"none\";for(i=0;i<a.length;i++)s=a[i],e.source===s.contentWindow&&(s.removeAttribute(\"style\"),\"height\"===t.message?(1e3<(r=parseInt(t.value,10))?r=1e3:~~r<200&&(r=200),s.height=r):\"link\"===t.message&&(r=new URL(s.getAttribute(\"src\")),n=new URL(t.value),c.test(n.protocol))&&n.host===r.host&&l.activeElement===s&&(d.top.location.href=t.value))}},d.addEventListener(\"message\",d.wp.receiveEmbedMessage,!1),l.addEventListener(\"DOMContentLoaded\",function(){for(var e,t,s=l.querySelectorAll(\"iframe.wp-embedded-content\"),r=0;r<s.length;r++)(t=(e=s[r]).getAttribute(\"data-secret\"))||(t=Math.random().toString(36).substring(2,12),e.src+=\"#?secret=\"+t,e.setAttribute(\"data-secret\",t)),e.contentWindow.postMessage({message:\"ready\",secret:t},\"*\")},!1)))}(window,document);\n\/\/# sourceURL=http:\/\/www.ag1-23soleil.fr\/wp\/wp-includes\/js\/wp-embed.min.js\n<\/script>\n","thumbnail_url":"http:\/\/www.ag1-23soleil.fr\/wp\/wp-content\/uploads\/2017\/05\/elise02-e1494964424551.jpg","thumbnail_width":300,"thumbnail_height":225,"description":"Elise Elise est n\u00e9e le 22 avril 2009. La maladie a \u00e9t\u00e9 d\u00e9pist\u00e9e gr\u00e2ce au test de Guthrie, dont les r\u00e9sultats nous sont parvenus trois semaines apr\u00e8s sa naissance. Nous avons imm\u00e9diatement \u00e9t\u00e9 mis en contact avec deux sp\u00e9cialistes des maladies m\u00e9taboliques \u00e0 l&rsquo;H\u00f4pital des Enfants Reine Fabiola, \u00e0 Bruxelles, et commenc\u00e9 le r\u00e9gime hypoprot\u00e9in\u00e9&hellip;&nbsp;Lire la suite &raquo;"}

Elise Elise est née le 22 avril 2009. La maladie a été dépistée grâce au test de Guthrie, dont les résultats nous sont parvenus trois semaines après sa naissance. Nous avons immédiatement été mis en contact avec deux spécialistes des maladies métaboliques à l&rsquo;Hôpital des Enfants Reine Fabiola, à Bruxelles, et commencé le régime hypoprotéiné&hellip;&nbsp;Lire la suite &raquo;
